{"id":745,"date":"2024-06-28T08:58:05","date_gmt":"2024-06-28T11:58:05","guid":{"rendered":"https:\/\/loja.oftalmodoscarros.com.br\/?post_type=product&#038;p=745"},"modified":"2024-06-28T09:10:45","modified_gmt":"2024-06-28T12:10:45","slug":"remocao-de-chuva-acida-da-lataria-e-vidros","status":"publish","type":"product","link":"https:\/\/loja.oftalmodoscarros.com.br\/index.php\/produto\/remocao-de-chuva-acida-da-lataria-e-vidros\/","title":{"rendered":"Remo\u00e7\u00e3o de chuva \u00e1cida da lataria e vidros"},"content":{"rendered":"<p>Este procedimento envolve somente a remo\u00e7\u00e3o de chuva \u00e0cida de toda a lataria do ve\u00edculo e dos vidros com um produto espec\u00edfico. No para-brisa \u00e9 utilizado produto espec\u00edfico com a politriz.<\/p>\n<p>Inclui uma pr\u00e9-lavagem e lavagem do ve\u00edculo para remo\u00e7\u00e3o da chuva \u00e1cida e aplicado uma cera Blend na pintura para abrilhantamento do servi\u00e7o e prote\u00e7\u00e3o da mesma.<\/p>\n<p>Ap\u00f3s a realiza\u00e7\u00e3o da remo\u00e7\u00e3o nos vidros, \u00e9 aplicado um cristalizador para manter o servi\u00e7o e manter hidrorepel\u00eancia.<\/p>\n","protected":false},"excerpt":{"rendered":"<p>Servi\u00e7o consiste na lavagem do ve\u00edculo e remo\u00e7\u00e3o de chuva \u00e1cida da lataria e vidros e, ap\u00f3s a remo\u00e7\u00e3o, aplica\u00e7\u00e3o de cera Blend na lataria para brilho e prote\u00e7\u00e3o e cristalizador nos vidros para hidrorepel\u00eancia.<\/p>\n","protected":false},"featured_media":747,"comment_status":"open","ping_status":"closed","template":"","meta":[],"product_cat":[45,27],"product_tag":[],"class_list":{"0":"post-745","1":"product","2":"type-product","3":"status-publish","4":"has-post-thumbnail","6":"product_cat-chuva_acida","7":"product_cat-lavagens","9":"first","10":"instock","11":"shipping-taxable","12":"purchasable","13":"product-type-simple"},"_links":{"self":[{"href":"https:\/\/loja.oftalmodoscarros.com.br\/index.php\/wp-json\/wp\/v2\/product\/745"}],"collection":[{"href":"https:\/\/loja.oftalmodoscarros.com.br\/index.php\/wp-json\/wp\/v2\/product"}],"about":[{"href":"https:\/\/loja.oftalmodoscarros.com.br\/index.php\/wp-json\/wp\/v2\/types\/product"}],"replies":[{"embeddable":true,"href":"https:\/\/loja.oftalmodoscarros.com.br\/index.php\/wp-json\/wp\/v2\/comments?post=745"}],"wp:featuredmedia":[{"embeddable":true,"href":"https:\/\/loja.oftalmodoscarros.com.br\/index.php\/wp-json\/wp\/v2\/media\/747"}],"wp:attachment":[{"href":"https:\/\/loja.oftalmodoscarros.com.br\/index.php\/wp-json\/wp\/v2\/media?parent=745"}],"wp:term":[{"taxonomy":"product_cat","embeddable":true,"href":"https:\/\/loja.oftalmodoscarros.com.br\/index.php\/wp-json\/wp\/v2\/product_cat?post=745"},{"taxonomy":"product_tag","embeddable":true,"href":"https:\/\/loja.oftalmodoscarros.com.br\/index.php\/wp-json\/wp\/v2\/product_tag?post=745"}],"curies":[{"name":"wp","href":"https:\/\/api.w.org\/{rel}","templated":true}]}}